e
Let r = 0 + -4. Is ((-138)/(-8))/((-1)/r) a composite number?
True
Suppose 0 = -3*d + 3*g, 4*d + 0 = -3*g - 14. Is (-10737)/(-54) + d/(-12) a composite number?
False
Suppose -3*r - 97 = -4*r. Is r a composite number?
False
Suppose 0 = 2*p - 2 - 2. Suppose p*n - 175 = -3*n. Is n a prime number?
False
Let n be 823/7 + 24/56. Suppose -187 - n = -m - c, c - 1533 = -5*m. Is m composite?
False
Let l = 1 + 2. Let m be 3 - (-1)/(l/(-6)). Let a(t) = 6*t**2. Is a(m) prime?
False
Let l(q) = q + 62. Let i be l(0). Let h = 15 + i. Suppose h = u - 0*u. Is u a prime number?
False
Let w = 1639 - -2110. Is w prime?
False
Is 8241/9 + (-12)/(-9) composite?
True
Let j be 0/(-2 - (1 + -1)). Suppose 2 = 2*a - j. Is 3*(14/6 - a) prime?
False
Suppose -3*q = 4*t - 27, 0*q - 1 = q - 2*t. Let b be -5 + q - 3*1. Is b + (109 - -1 - -2) a prime number?
True
Suppose 3*m + 4*q - 3*q - 18 = 0, -4*m + 4*q = -40. Let v(f) = 2*f**2 - 6*f - 3. Is v(m) a prime number?
True
Suppose -125 = 5*d - 0*d. Let v be (-315)/d - (-2)/5. Is (-3 + -1)*v/(-4) a composite number?
False
Is ((-2 - 1) + 4)*497 a prime number?
False
Let v(u) = -5*u**2 + 11*u + 0*u**3 - 5 + 12*u**2 - u**3. Is v(6) a prime number?
True
Let d(w) be the second derivative of -w**3 + w**2/2 - 2*w. Is d(-6) prime?
True
Let x = 16 + -10. Let t be (-4)/x - (-764)/3. Suppose 2*q - t = 3*k, 0 = -4*q + 2*k - 312 + 836. Is q a composite number?
True
Let c(d) = -d**2 - 4*d + 3. Let v be c(-3). Suppose -v*u - 844 = -10*u. Is u prime?
True
Suppose 382 = 2*z - t, 4*z - 3*t = -0*z + 764. Is z a prime number?
True
Let a(n) be the third derivative of -23*n**6/720 - n**5/30 - n**4/12 + 2*n**2. Let r(g) be the second derivative of a(g). Is r(-3) prime?
False
Let m(t) be the first derivative of -4*t**3/3 + 4*t**2 + 10*t - 1. Let i be m(7). Let h = 19 - i. Is h a prime number?
True
Let d be (-2 + 5 + 2)/1. Let z(i) = 59*i - 2. Is z(d) prime?
True
Let i(h) = 14*h - 16. Let w be i(-17). Let j = 5 - w. Is j a prime number?
False
Suppose -4*t = -21 + 1. Suppose -7*o + t*o + 226 = 0. Is o prime?
True
Suppose 0 = 14*m - 8*m - 4506. Is m composite?
False
Let l be (-16)/(-6)*12/16. Suppose 5*i + 4*q = 135, l*q - 83 = -3*i - 0*i. Is i a composite number?
False
Suppose -2*h - 4 = -2. Let n(z) = -73*z + 1. Is n(h) prime?
False
Let d(n) = 13*n + 3. Let o be d(-6). Is -6*(-2 - o/(-6)) composite?
True
Let s(h) = h**3 - 9*h**2 - 3*h - 5. Let q(t) = -2*t + 2. Let j be q(-4). Is s(j) a prime number?
False
Suppose -4*a + 8 = -0*a. Let b(g) = -g**2 + 0*g**2 + 2*g**a - 8 + 4*g. Is b(7) a composite number?
True
Let s(d) = -d**3 - d + 1. Let l be 2/(6/3)*1. Let t be s(l). Is -1 + (t - 1)*-17 prime?
False
Let f(x) = -x + 2. Let n be f(-5). Suppose -3*p + n + 2 = 0. Suppose 3 + 20 = p*h + 4*t, 53 = 5*h + 3*t. Is h prime?
True
Suppose z = -2*z + 3. Let t be 0 - (2 - z - 3). Suppose 3*x - 47 = -p, t*x - 5*p - 11 = 9. Is x prime?
False
Is (-3)/(1*(-9)/186) prime?
False
Suppose 0 = -8*p + 12*p - 652. Is p composite?
False
Let q(o) = -20*o**2 - 3*o - 3. Let x be q(-2). Let p = 146 + x. Is ((-10)/(-2))/(3/p) a prime number?
False
Let c be -2 + (-5)/((-5)/(-9)). Suppose -77 + 5 = 4*s. Let v = c - s. Is v composite?
False
Let o be -1 + 0/(-1) - 5. Let b(z) = -3*z**3 - z**2 - 6*z + 4. Let w be b(o). Suppose -2*x = -6*x + w. Is x a composite number?
False
Suppose j + 6 = 4*j. Suppose -j*v = -2*m - 2*m + 66, -3*m - 2*v + 67 = 0. Is m prime?
True
Suppose -4*x - 33 = 43. Let c = x - -44. Is c prime?
False
Suppose 3*c = v - 96, 420 = 5*v + 3*c + 2*c. Is v prime?
False
Let s = 46 - 28. Is (4/12)/(1/s) a prime number?
False
Let t(r) = 9*r**2 - 2*r - 1. Let h(f) = -f. Let i(o) = -3*h(o) + t(o). Is i(2) a composite number?
False
Let u = -34 - -375. Is u/(-22)*-1*2 a prime number?
True
Let d(h) = 32*h - 51. Is d(13) a composite number?
True
Let r = -6 - -9. Suppose -2*a + 3 = 13, -4*i + r*a + 19 = 0. Is 39*3*i/3 a prime number?
False
Let d(i) = -47*i + 6. Is d(-4) a composite number?
True
Suppose 3*l = 6*l - 549. Is l a prime number?
False
Let h(s) = 4 + 2 - 5 - 258*s. Is h(-1) a prime number?
False
Let c(k) = 16*k**3 + k**2 + 2*k + 2. Suppose 0 = -u + 3*s - 0*s - 3, -3*u - 5*s + 19 = 0. Is c(u) a prime number?
True
Suppose 5*t = -4*w + 6295, w = 2*t - 1783 - 735. Is t a prime number?
True
Suppose t + 442 = 2*x, -203 = -x + 3*t + 2*t. Is x a composite number?
False
Suppose -5*w + 3*w + 76 = 2*f, 3*f = 5*w - 182. Is w composite?
False
Let n = 16 - 15. Let i(k) = 143*k**2. Is i(n) a prime number?
False
Let t be 4 - (3 - 3/3). Suppose s - 7 - 48 = 3*d, d = -t. Is s a prime number?
False
Let d(g) = g**2 - 10*g + 9. Is d(14) composite?
True
Let r = 423 - 58. Is (-3 - (-5 - -1))*r prime?
False
Let c = 169 - -258. Is c composite?
True
Suppose -5*i = a - 291 - 765, -a = 3*i - 634. Is i a composite number?
False
Let z = 8 + -2. Let g be ((-124)/z)/(4/(-12)). Let c = g - -9. Is c prime?
True
Suppose -f = 5*y - 106, 3 = -3*y + 4*y. Is f a prime number?
False
Let g = 14 - 10. Is (-1)/(-2) + 362/g composite?
True
Is 6974/33 - 1/3 prime?
True
Suppose -j = 4 - 6. Let a(u) = 2*u - 6. Let v be a(6). Suppose -124 = -v*o + j*o. Is o composite?
False
Let n = -8 + 10. Suppose n*k = 6*k - 1028. Is k prime?
True
Let w(n) = 4*n - 3. Let c be w(2). Let b(h) = -3*h**3 - h**2 + h - 2. Let q be b(-2). Suppose 2*a - q = 5*z - 3*z, c*a - 46 = 3*z. Is a a composite number?
False
Let n = 40 - 22. Suppose 61 = i - n. Is i a prime number?
True
Suppose 2*j + 2*f = -26, 5*j - 4*f + 3*f + 53 = 0. Let h(s) = -9*s - 2. Is h(j) prime?
True
Let r = -64 + 1821. Is r a composite number?
True
Let d(g) = -g**2 + 2*g - 1. Let o be d(1). Suppose -2*z - 5*u + 100 = 0, o = 5*z - 2*u + u - 250. Suppose -3*a + z + 55 = 0. Is a a prime number?
False
Let q(r) = 14*r - 1. Let p be q(3). Suppose 2*k - 1 = 4*l + p, -105 = -5*k - 2*l. Is k prime?
False
Let w be 20/(-5)*11/(-4). Is (w + -9)/(4/26) composite?
False
Let x(r) be the second derivative of -r**4/12 + 4*r**3/3 - 3*r**2 + r. Let q be x(6). Is ((-4)/q)/(6/(-171)) prime?
True
Let u(m) = 331*m. Is u(1) prime?
True
Let m = -8 + 6. Is 3 + (-1 - (m + -15)) a prime number?
True
Let d be (-3 + 2 + 0)*1. Let j = 21 + d. Suppose -4*y = -k - 9, 2 = -3*y - 3*k + j. Is y prime?
True
Suppose 5*l = -3*h - 0*h - 10, 4*l = -h - 15. Suppose -5*q = -3*v - 218, -3*v + h*v + 176 = 4*q. Is q a composite number?
True
Suppose -4*j = -2 - 22. Let o be 15/5*2/j. Suppose h - 38 - o = 0. Is h composite?
True
Is (0 + (-3109)/2)/((-3)/6) a prime number?
True
Suppose 5*s = -s + 3114. Is s a composite number?
True
Suppose -q - j - 4*j + 2 = 0, -3*j + 6 = 3*q. Suppose -q*l = l + 3. Let t(h) = -115*h**3 - h - 1. Is t(l) a composite number?
True
Let u be ((-2)/5)/((-1)/5). Suppose -3*o + 633 - 162 = 3*m, 0 = -u*m + 5*o + 300. Is m a composite number?
True
Is (-9 + 3 - -4)/((-4)/2302) composite?
False
Suppose 0 = 4*l + 118 + 1054. Let g = l - -416. Is g a prime number?
False
Let c(b) = 9*b - 11. Is c(10) composite?
False
Let i = 100 + 697. Is i a composite number?
False
Let r(n) = 8*n**2 - 9*n + 6. Let p be r(7). Suppose 4*m = 9*m - p. Suppose k = 90 + m. Is k prime?
True
Let h(g) = -g. Let k be h(-5). Let y be (-2)/3*(-6)/2. Suppose y*x + 33 = 2*d - x, -4*d = k*x - 99. Is d prime?
False
Is (-2032)/(-36)*3 - 3/9 a composite number?
True
Suppose -939 = -3*p - 4*q, 0*p = p - 3*q - 326. Is p composite?
False
Let w = -16 + 27. Let k(x) = 15*x - 29. Let b(u) = -8*u + 15. Let d(j) = w*b(j) + 6*k(j). Is d(8) composite?
False
Let m be (-9 - 5)*21/2. Let p be 12/2*68/(-6). Let q = p - m. Is q composite?
False
Let i(m) = -179*m. Is i(-1) a prime number?
True
Suppose 3*q + m - 3535 = -m, -16 = 4*m. Is q a prime number?
True
Let j(u) = 674*u**2 - u - 2. Is j(-1) prime?
True
Let n(j) = -j**2 - 12*j + 1. Is n(-6) a composite number?
False
Let l = -462 - -981. Is l a prime number?
False
Let v = 7 - 0. Suppose 0 = i + 3*r - v, 2*i + 2*r - 5 = 5. Is -1 - 1 - (i - 125) prime?
False
Suppose -2*x = 3*n + 54, -2*n + 3*x - 16 - 20 = 0. Let p = n + 26. Is (p/(-10))/(8/(-20)) prime?
True
Let s(l) = -l**3 - 12*l**2 - 13*l - 11. Suppose -5*i + i - 3*t = 53, 4*i - 5*t + 29 = 0. Is s(i) composite?
False
Suppose -r + 3*u + u - 4 = 0, -3*r = -3*u + 12. Let a(l) = l**3 + 6*l**2 - l - 1. Is a(r) a prime number?
False
Let q = -1 + -3. Let f